{"id":2818,"date":"2024-10-23T04:17:02","date_gmt":"2024-10-23T08:17:02","guid":{"rendered":"https:\/\/www.perseusdata2.com\/camarabarreirinha\/?page_id=2818"},"modified":"2024-10-23T04:30:13","modified_gmt":"2024-10-23T08:30:13","slug":"acessibilidade","status":"publish","type":"page","link":"https:\/\/www.perseusdata2.com\/camarabarreirinha\/acessibilidade\/","title":{"rendered":"Acessibilidade"},"content":{"rendered":"\t\t<div data-elementor-type=\"wp-page\" data-elementor-id=\"2818\" class=\"elementor elementor-2818\">\n\t\t\t\t\t\t<div class=\"elementor-inner\">\n\t\t\t\t<div class=\"elementor-section-wrap\">\n\t\t\t\t\t\t\t\t\t<section class=\"elementor-section elementor-top-section elementor-element elementor-element-5c85c05 elementor-section-full_width elementor-section-height-default elementor-section-height-default\" data-id=\"5c85c05\" data-element_type=\"section\">\n\t\t\t\t\t\t<div class=\"elementor-container elementor-column-gap-default\">\n\t\t\t\t\t\t\t<div class=\"elementor-row\">\n\t\t\t\t\t<div class=\"elementor-column elementor-col-66 elementor-top-column elementor-element elementor-element-6e6114d\" data-id=\"6e6114d\" data-element_type=\"column\">\n\t\t\t<div class=\"elementor-column-wrap\">\n\t\t\t\t\t\t\t<div class=\"elementor-widget-wrap\">\n\t\t\t\t\t\t\t\t<\/div>\n\t\t\t\t\t<\/div>\n\t\t<\/div>\n\t\t\t\t<div class=\"elementor-column elementor-col-33 elementor-top-column elementor-element elementor-element-6c4b2cb\" data-id=\"6c4b2cb\" data-element_type=\"column\">\n\t\t\t<div class=\"elementor-column-wrap elementor-element-populated\">\n\t\t\t\t\t\t\t<div class=\"elementor-widget-wrap\">\n\t\t\t\t\t\t<div class=\"elementor-element elementor-element-90a040d elementor-headline--style-highlight elementor-widget elementor-widget-animated-headline\" data-id=\"90a040d\" data-element_type=\"widget\" data-settings=\"{&quot;marker&quot;:&quot;underline&quot;,&quot;highlighted_text&quot;:&quot;Acessibilidade&quot;,&quot;headline_style&quot;:&quot;highlight&quot;,&quot;loop&quot;:&quot;yes&quot;,&quot;highlight_animation_duration&quot;:1200,&quot;highlight_iteration_delay&quot;:8000}\" data-widget_type=\"animated-headline.default\">\n\t\t\t\t<div class=\"elementor-widget-container\">\n\t\t\t\t\t<h4 class=\"elementor-headline\">\n\t\t\t\t<span class=\"elementor-headline-dynamic-wrapper elementor-headline-text-wrapper\">\n\t\t\t\t\t<span class=\"elementor-headline-dynamic-text elementor-headline-text-active\">Acessibilidade<\/span>\n\t\t\t\t<\/span>\n\t\t\t\t<\/h4>\n\t\t\t\t<\/div>\n\t\t\t\t<\/div>\n\t\t\t\t\t\t<\/div>\n\t\t\t\t\t<\/div>\n\t\t<\/div>\n\t\t\t\t\t\t\t\t<\/div>\n\t\t\t\t\t<\/div>\n\t\t<\/section>\n\t\t\t\t<section class=\"elementor-section elementor-top-section elementor-element elementor-element-4f3783b elementor-section-boxed elementor-section-height-default elementor-section-height-default\" data-id=\"4f3783b\" data-element_type=\"section\">\n\t\t\t\t\t\t<div class=\"elementor-container elementor-column-gap-default\">\n\t\t\t\t\t\t\t<div class=\"elementor-row\">\n\t\t\t\t\t<div class=\"elementor-column elementor-col-100 elementor-top-column elementor-element elementor-element-d7c0bb0\" data-id=\"d7c0bb0\" data-element_type=\"column\">\n\t\t\t<div class=\"elementor-column-wrap elementor-element-populated\">\n\t\t\t\t\t\t\t<div class=\"elementor-widget-wrap\">\n\t\t\t\t\t\t<div class=\"elementor-element elementor-element-baf03f9 elementor-widget elementor-widget-text-editor\" data-id=\"baf03f9\" data-element_type=\"widget\" data-widget_type=\"text-editor.default\">\n\t\t\t\t<div class=\"elementor-widget-container\">\n\t\t\t\t\t\t\t\t<div class=\"elementor-text-editor elementor-clearfix\">\n\t\t\t\t<div id=\"block-gavias-vinor-page-title\" class=\"block block-core block-page-title-block no-title\"><div class=\"content block-content\"><h3 style=\"text-align: center;\"><strong><span style=\"color: #000000;\">INSTRU\u00c7\u00d5ES PARA O LEITOR DE TELA EM NOSSO PORTAL:<\/span><\/strong><\/h3><p style=\"text-align: center;\"><span style=\"color: #000000;\"><b>Passe o mouse em cima do texto desejado que aparecer\u00e1 um \u00edcone representando o \u00e1udio<\/b><\/span><\/p><\/div><div class=\"content block-content\"><span style=\"color: #000000;\">\u00a0<\/span><\/div><div class=\"content block-content\"><span style=\"color: #000000;\">\u00a0<\/span><\/div><div class=\"content block-content\"><span style=\"color: #000000;\">\u00a0<\/span><\/div><h2 style=\"text-align: center;\"><span style=\"color: #000000;\">Acessibilidade<\/span><\/h2><\/div><div id=\"block-gavias-vinor-content\" class=\"block block-system block-system-main-block no-title\"><div class=\"content block-content\"><article class=\"node node--type-page node--view-mode-full clearfix\" data-history-node-id=\"126\"><header><\/header><div class=\"node__content clearfix\"><div class=\"field field--name-body field--type-text-with-summary field--label-hidden field__item\"><p><span style=\"color: #000000;\">O Portal da C\u00e2mara Municipal de Barreirinha procura seguir as diretrizes do eMAG (Modelo de Acessibilidade em Governo Eletr\u00f4nico), conforme as normas do Governo Federal, em obedi\u00eancia ao Decreto 5.296, de 2.12.2004.<\/span><\/p><p><span style=\"color: #000000;\">O termo acessibilidade significa incluir a pessoa com defici\u00eancia na participa\u00e7\u00e3o de atividades como o uso de produtos, servi\u00e7os e informa\u00e7\u00f5es. Alguns exemplos s\u00e3o os pr\u00e9dios com rampas de acesso para cadeira de rodas e banheiros adaptados para deficientes.<\/span><\/p><p><span style=\"color: #000000;\">Na internet, acessibilidade refere-se principalmente \u00e0s recomenda\u00e7\u00f5es do WCAG (World Content Accessibility Guide) do W3C e no caso do Governo Brasileiro ao e-MAG (Modelo de Acessibilidade em Governo Eletr\u00f4nico). O e-MAG est\u00e1 alinhado as recomenda\u00e7\u00f5es internacionais, mas estabelece padr\u00f5es de comportamento acess\u00edvel para sites governamentais.<\/span><\/p><p><span style=\"color: #000000;\">Na parte superior do portal existe uma barra de acessibilidade onde se encontra atalhos de navega\u00e7\u00e3o padronizados. Essas ferramentas est\u00e3o dispon\u00edveis em todas as p\u00e1ginas do portal.<\/span><\/p><p><span style=\"color: #000000;\">A seguir uma lista das ferramentas de acessibilidade dispon\u00edveis:<\/span><\/p><p><span style=\"color: #000000;\">\u00a0<\/span><\/p><h3><span style=\"color: #000000;\">Atalhos de navega\u00e7\u00e3o via teclado<\/span><\/h3><p><span style=\"color: #000000;\">Os atalhos padr\u00f5es do portal s\u00e3o:<\/span><\/p><ul><li><span style=\"color: #000000;\">Teclando-se Alt + 1 em qualquer p\u00e1gina do portal, chega-se diretamente ao come\u00e7o do conte\u00fado principal da p\u00e1gina.<\/span><\/li><li><span style=\"color: #000000;\">Teclando-se Alt + 2 em qualquer p\u00e1gina do portal, chega-se diretamente ao in\u00edcio do menu principal.<\/span><\/li><li><span style=\"color: #000000;\">Teclando-se Alt + 3 em qualquer p\u00e1gina do portal, chega-se diretamente em sua busca interna.<\/span><\/li><li><span style=\"color: #000000;\">Teclando-se Alt + 4\u00a0em qualquer p\u00e1gina do portal, chega-se diretamente ao rodap\u00e9 do portal.<\/span><\/li><li><span style=\"color: #000000;\">Teclando-se Alt + 5\u00a0em qualquer p\u00e1gina do portal, chega-se diretamente ao chat do portal.<\/span><\/li><\/ul><p><span style=\"color: #000000;\">No caso do Firefox, em vez de Alt + n\u00famero, tecle simultaneamente Alt + Shift + n\u00famero.<\/span><\/p><p><span style=\"color: #000000;\">Sendo Firefox no Mac OS, em vez de Alt + Shift + n\u00famero, tecle simultaneamente Ctrl + Alt + n\u00famero.<\/span><\/p><p><span style=\"color: #000000;\">No Opera, as teclas s\u00e3o Shift + Escape + n\u00famero. Ao teclar apenas Shift + Escape, o usu\u00e1rio encontrar\u00e1 uma janela com todas as alternativas de ACCESSKEY da p\u00e1gina.<\/span><\/p><h3><span style=\"color: #000000;\">Contraste<\/span><\/h3><p><span style=\"color: #000000;\">Clicando em &#8220;Alto contraste&#8221; no topo do site, as cores da p\u00e1gina ser\u00e3o alteradas para intensificar o contraste e facilitar a leitura.<\/span><\/p><h3><span style=\"color: #000000;\">Tamanho da fonte<\/span><\/h3><p><span style=\"color: #000000;\">\u00c9 poss\u00edvel modificar o zoom do navegador da seguinte forma:<\/span><br \/><span style=\"color: #000000;\"><strong>Ctrl +<\/strong>: Aumenta o zoom da p\u00e1gina;<\/span><br \/><span style=\"color: #000000;\"><strong>Ctrl &#8211;<\/strong>: Diminui o zoom da p\u00e1gina;<\/span><br \/><span style=\"color: #000000;\"><strong>Ctrl 0<\/strong>: Restaura o zoom da p\u00e1gina para o padr\u00e3o.<\/span><\/p><h3><span style=\"color: #000000;\">VLibras<\/span><\/h3><p><span style=\"color: #000000;\">Com o aplicativo VLibras no seu computador, smartphone ou tablet, todo conte\u00fado do site pode ser traduzido para a L\u00edngua Brasileira de Sinais. Voc\u00ea pode encontrar o aplicativo no link a seguir:\u00a0<a style=\"color: #000000;\" href=\"http:\/\/www.vlibras.gov.br\/\" target=\"_blank\" rel=\"noopener\">VLibras<\/a><\/span><\/p><h3><span style=\"color: #000000;\">Leitores de tela e tecnologias assistivas<\/span><\/h3><p><span style=\"color: #000000;\">Leitores de tela para que os textos do site sejam convertidos em \u00e1udio. Seguem algumas sugest\u00f5es gratuitas dispon\u00edveis para baixar no computador:<\/span><\/p><p><span style=\"color: #000000;\"><span style=\"color: #0000ff;\"><a class=\"ext\" style=\"color: #0000ff;\" title=\"(opens in a new window)\" href=\"https:\/\/chrome.google.com\/webstore\/detail\/chromevox\/kgejglhpjiefppelpmljglcjbhoiplfn?hl=pt-BR\" target=\"_blank\" rel=\"noopener noreferrer\" data-extlink=\"\">ChromeVox<\/a>:<\/span> Extens\u00e3o para o navegador Google Chrome<\/span><br \/><span style=\"color: #000000;\"><span style=\"color: #0000ff;\"><a class=\"ext\" style=\"color: #0000ff;\" title=\"(opens in a new window)\" href=\"https:\/\/addons.mozilla.org\/pt-BR\/firefox\/addon\/automatik-text-reader\/\" target=\"_blank\" rel=\"noopener noreferrer\" data-extlink=\"\">Automatik Text Reader<\/a>:<\/span> Extens\u00e3o para o navegador Mozilla Firefox<\/span><br \/><span style=\"color: #000000;\"><span style=\"color: #0000ff;\"><a class=\"ext\" style=\"color: #0000ff;\" title=\"(opens in a new window)\" href=\"https:\/\/www.nvaccess.org\/\" target=\"_blank\" rel=\"noopener noreferrer\" data-extlink=\"\">NVDA<\/a>:<\/span> Programa para sistema operacional Windows<\/span><br \/><span style=\"color: #000000;\"><span style=\"color: #0000ff;\"><a class=\"ext\" style=\"color: #0000ff;\" title=\"(opens in a new window)\" href=\"https:\/\/www.apple.com\/br\/accessibility\/mac\/vision\/\" target=\"_blank\" rel=\"noopener noreferrer\" data-extlink=\"\">VoiceOver<\/a>:<\/span> Recurso do sistema operacional MacOS<\/span><\/p><h3><span style=\"color: #000000;\">Leis e decretos sobre acessibilidade:<\/span><\/h3><ul><li><span style=\"color: #000000;\"><a style=\"color: #000000;\" href=\"http:\/\/www.planalto.gov.br\/ccivil_03\/_Ato2004-2006\/2004\/Decreto\/D5296.htm\" target=\"_blank\" rel=\"noopener\">Decreto n\u00ba 5.296 de 02 de dezembro de 2004<\/a><\/span><\/li><li><span style=\"color: #000000;\"><a style=\"color: #000000;\" href=\"http:\/\/www.planalto.gov.br\/ccivil_03\/_ato2007-2010\/2009\/decreto\/d6949.htm\" target=\"_blank\" rel=\"noopener\">Decreto n\u00ba 6.949, de 25 de agosto de 2009<\/a>\u00a0&#8211; Promulga a Conven\u00e7\u00e3o Internacional sobre os Direitos das Pessoas com Defici\u00eancia e seu Protocolo Facultativo, assinados em Nova York, em 30 de mar\u00e7o de 2007.<\/span><\/li><li><span style=\"color: #000000;\"><a style=\"color: #000000;\" href=\"http:\/\/www.planalto.gov.br\/ccivil_03\/_ato2011-2014\/2012\/decreto\/d7724.htm\" target=\"_blank\" rel=\"noopener\">Decreto n\u00ba 7.724, de 16 de Maio de 2012<\/a>\u00a0&#8211; Regulamenta a Lei No 12.527, que disp\u00f5e sobre o acesso a informa\u00e7\u00f5es.<\/span><\/li><li><span style=\"color: #000000;\"><a style=\"color: #000000;\">Modelo de Acessibilidade de Governo Eletr\u00f4nico<\/a>)<\/span><\/li><\/ul><\/div><\/div><\/article><\/div><\/div>\t\t\t\t\t<\/div>\n\t\t\t\t\t\t<\/div>\n\t\t\t\t<\/div>\n\t\t\t\t\t\t<\/div>\n\t\t\t\t\t<\/div>\n\t\t<\/div>\n\t\t\t\t\t\t\t\t<\/div>\n\t\t\t\t\t<\/div>\n\t\t<\/section>\n\t\t\t\t\t\t\t\t\t<\/div>\n\t\t\t<\/div>\n\t\t\t\t\t<\/div>\n\t\t","protected":false},"excerpt":{"rendered":"<p>Acessibilidade INSTRU\u00c7\u00d5ES PARA O LEITOR DE TELA EM NOSSO PORTAL: Passe o mouse em cima do texto desejado que aparecer\u00e1 um \u00edcone representando o \u00e1udio \u00a0\u00a0\u00a0 Acessibilidade O Portal da C\u00e2mara Municipal de Barreirinha procura seguir as diretrizes do eMAG (Modelo de Acessibilidade em Governo Eletr\u00f4nico), conforme as normas do Governo Federal, em obedi\u00eancia ao&hellip; <a class=\"more-link\" href=\"https:\/\/www.perseusdata2.com\/camarabarreirinha\/acessibilidade\/\">Continue reading <span class=\"screen-reader-text\">Acessibilidade<\/span><\/a><\/p>\n","protected":false},"author":1,"featured_media":1944,"parent":0,"menu_order":0,"comment_status":"closed","ping_status":"closed","template":"elementor_header_footer","meta":[],"_links":{"self":[{"href":"https:\/\/www.perseusdata2.com\/camarabarreirinha\/wp-json\/wp\/v2\/pages\/2818"}],"collection":[{"href":"https:\/\/www.perseusdata2.com\/camarabarreirinha\/wp-json\/wp\/v2\/pages"}],"about":[{"href":"https:\/\/www.perseusdata2.com\/camarabarreirinha\/wp-json\/wp\/v2\/types\/page"}],"author":[{"embeddable":true,"href":"https:\/\/www.perseusdata2.com\/camarabarreirinha\/wp-json\/wp\/v2\/users\/1"}],"replies":[{"embeddable":true,"href":"https:\/\/www.perseusdata2.com\/camarabarreirinha\/wp-json\/wp\/v2\/comments?post=2818"}],"version-history":[{"count":14,"href":"https:\/\/www.perseusdata2.com\/camarabarreirinha\/wp-json\/wp\/v2\/pages\/2818\/revisions"}],"predecessor-version":[{"id":2832,"href":"https:\/\/www.perseusdata2.com\/camarabarreirinha\/wp-json\/wp\/v2\/pages\/2818\/revisions\/2832"}],"wp:featuredmedia":[{"embeddable":true,"href":"https:\/\/www.perseusdata2.com\/camarabarreirinha\/wp-json\/wp\/v2\/media\/1944"}],"wp:attachment":[{"href":"https:\/\/www.perseusdata2.com\/camarabarreirinha\/wp-json\/wp\/v2\/media?parent=2818"}],"curies":[{"name":"wp","href":"https:\/\/api.w.org\/{rel}","templated":true}]}}

<div data-elementor-type="wp-page" data-elementor-id="2818" class="elementor elementor-2818">
						<div class="elementor-inner">
				<div class="elementor-section-wrap">
									<section class="elementor-section elementor-top-section elementor-element elementor-element-5c85c05 elementor-section-full_width elementor-section-height-default elementor-section-height-default" data-id="5c85c05" data-element_type="section">
						<div class="elementor-container elementor-column-gap-default">
							<div class="elementor-row">
					<div class="elementor-column elementor-col-66 elementor-top-column elementor-element elementor-element-6e6114d" data-id="6e6114d" data-element_type="column">
			<div class="elementor-column-wrap">
							<div class="elementor-widget-wrap">
								</div>
					</div>
		</div>
				<div class="elementor-column elementor-col-33 elementor-top-column elementor-element elementor-element-6c4b2cb" data-id="6c4b2cb" data-element_type="column">
			<div class="elementor-column-wrap elementor-element-populated">
							<div class="elementor-widget-wrap">
						<div class="elementor-element elementor-element-90a040d elementor-headline--style-highlight elementor-widget elementor-widget-animated-headline" data-id="90a040d" data-element_type="widget" data-settings="{&quot;marker&quot;:&quot;underline&quot;,&quot;highlighted_text&quot;:&quot;Acessibilidade&quot;,&quot;headline_style&quot;:&quot;highlight&quot;,&quot;loop&quot;:&quot;yes&quot;,&quot;highlight_animation_duration&quot;:1200,&quot;highlight_iteration_delay&quot;:8000}" data-widget_type="animated-headline.default">
				<div class="elementor-widget-container">
					<h4 class="elementor-headline">
				<span class="elementor-headline-dynamic-wrapper elementor-headline-text-wrapper">
					<span class="elementor-headline-dynamic-text elementor-headline-text-active">Acessibilidade</span>
				</span>
				</h4>
				</div>
				</div>
						</div>
					</div>
		</div>
								</div>
					</div>
		</section>
				<section class="elementor-section elementor-top-section elementor-element elementor-element-4f3783b elementor-section-boxed elementor-section-height-default elementor-section-height-default" data-id="4f3783b" data-element_type="section">
						<div class="elementor-container elementor-column-gap-default">
							<div class="elementor-row">
					<div class="elementor-column elementor-col-100 elementor-top-column elementor-element elementor-element-d7c0bb0" data-id="d7c0bb0" data-element_type="column">
			<div class="elementor-column-wrap elementor-element-populated">
							<div class="elementor-widget-wrap">
						<div class="elementor-element elementor-element-baf03f9 elementor-widget elementor-widget-text-editor" data-id="baf03f9" data-element_type="widget" data-widget_type="text-editor.default">
				<div class="elementor-widget-container">
								<div class="elementor-text-editor elementor-clearfix">
				<div id="block-gavias-vinor-page-title" class="block block-core block-page-title-block no-title"><div class="content block-content"><h3 style="text-align: center;"><strong><span style="color: #000000;">INSTRUÇÕES PARA O LEITOR DE TELA EM NOSSO PORTAL:</span></strong></h3><p style="text-align: center;"><span style="color: #000000;"><b>Passe o mouse em cima do texto desejado que aparecerá um ícone representando o áudio</b></span></p></div><div class="content block-content"><span style="color: #000000;"> </span></div><div class="content block-content"><span style="color: #000000;"> </span></div><div class="content block-content"><span style="color: #000000;"> </span></div><h2 style="text-align: center;"><span style="color: #000000;">Acessibilidade</span></h2></div><div id="block-gavias-vinor-content" class="block block-system block-system-main-block no-title"><div class="content block-content"><article class="node node--type-page node--view-mode-full clearfix" data-history-node-id="126"><header></header><div class="node__content clearfix"><div class="field field--name-body field--type-text-with-summary field--label-hidden field__item"><p><span style="color: #000000;">O Portal da Câmara Municipal de Barreirinha procura seguir as diretrizes do eMAG (Modelo de Acessibilidade em Governo Eletrônico), conforme as normas do Governo Federal, em obediência ao Decreto 5.296, de 2.12.2004.</span></p><p><span style="color: #000000;">O termo acessibilidade significa incluir a pessoa com deficiência na participação de atividades como o uso de produtos, serviços e informações. Alguns exemplos são os prédios com rampas de acesso para cadeira de rodas e banheiros adaptados para deficientes.</span></p><p><span style="color: #000000;">Na internet, acessibilidade refere-se principalmente às recomendações do WCAG (World Content Accessibility Guide) do W3C e no caso do Governo Brasileiro ao e-MAG (Modelo de Acessibilidade em Governo Eletrônico). O e-MAG está alinhado as recomendações internacionais, mas estabelece padrões de comportamento acessível para sites governamentais.</span></p><p><span style="color: #000000;">Na parte superior do portal existe uma barra de acessibilidade onde se encontra atalhos de navegação padronizados. Essas ferramentas estão disponíveis em todas as páginas do portal.</span></p><p><span style="color: #000000;">A seguir uma lista das ferramentas de acessibilidade disponíveis:</span></p><p><span style="color: #000000;"> </span></p><h3><span style="color: #000000;">Atalhos de navegação via teclado</span></h3><p><span style="color: #000000;">Os atalhos padrões do portal são:</span></p><ul><li><span style="color: #000000;">Teclando-se Alt + 1 em qualquer página do portal, chega-se diretamente ao começo do conteúdo principal da página.</span></li><li><span style="color: #000000;">Teclando-se Alt + 2 em qualquer página do portal, chega-se diretamente ao início do menu principal.</span></li><li><span style="color: #000000;">Teclando-se Alt + 3 em qualquer página do portal, chega-se diretamente em sua busca interna.</span></li><li><span style="color: #000000;">Teclando-se Alt + 4 em qualquer página do portal, chega-se diretamente ao rodapé do portal.</span></li><li><span style="color: #000000;">Teclando-se Alt + 5 em qualquer página do portal, chega-se diretamente ao chat do portal.</span></li></ul><p><span style="color: #000000;">No caso do Firefox, em vez de Alt + número, tecle simultaneamente Alt + Shift + número.</span></p><p><span style="color: #000000;">Sendo Firefox no Mac OS, em vez de Alt + Shift + número, tecle simultaneamente Ctrl + Alt + número.</span></p><p><span style="color: #000000;">No Opera, as teclas são Shift + Escape + número. Ao teclar apenas Shift + Escape, o usuário encontrará uma janela com todas as alternativas de ACCESSKEY da página.</span></p><h3><span style="color: #000000;">Contraste</span></h3><p><span style="color: #000000;">Clicando em &#8220;Alto contraste&#8221; no topo do site, as cores da página serão alteradas para intensificar o contraste e facilitar a leitura.</span></p><h3><span style="color: #000000;">Tamanho da fonte</span></h3><p><span style="color: #000000;">É possível modificar o zoom do navegador da seguinte forma:</span><br /><span style="color: #000000;"><strong>Ctrl +</strong>: Aumenta o zoom da página;</span><br /><span style="color: #000000;"><strong>Ctrl &#8211;</strong>: Diminui o zoom da página;</span><br /><span style="color: #000000;"><strong>Ctrl 0</strong>: Restaura o zoom da página para o padrão.</span></p><h3><span style="color: #000000;">VLibras</span></h3><p><span style="color: #000000;">Com o aplicativo VLibras no seu computador, smartphone ou tablet, todo conteúdo do site pode ser traduzido para a Língua Brasileira de Sinais. Você pode encontrar o aplicativo no link a seguir: <a style="color: #000000;" href="http://www.vlibras.gov.br/" target="_blank" rel="noopener">VLibras</a></span></p><h3><span style="color: #000000;">Leitores de tela e tecnologias assistivas</span></h3><p><span style="color: #000000;">Leitores de tela para que os textos do site sejam convertidos em áudio. Seguem algumas sugestões gratuitas disponíveis para baixar no computador:</span></p><p><span style="color: #000000;"><span style="color: #0000ff;"><a class="ext" style="color: #0000ff;" title="(opens in a new window)" href="https://chrome.google.com/webstore/detail/chromevox/kgejglhpjiefppelpmljglcjbhoiplfn?hl=pt-BR" target="_blank" rel="noopener noreferrer" data-extlink="">ChromeVox</a>:</span> Extensão para o navegador Google Chrome</span><br /><span style="color: #000000;"><span style="color: #0000ff;"><a class="ext" style="color: #0000ff;" title="(opens in a new window)" href="https://addons.mozilla.org/pt-BR/firefox/addon/automatik-text-reader/" target="_blank" rel="noopener noreferrer" data-extlink="">Automatik Text Reader</a>:</span> Extensão para o navegador Mozilla Firefox</span><br /><span style="color: #000000;"><span style="color: #0000ff;"><a class="ext" style="color: #0000ff;" title="(opens in a new window)" href="https://www.nvaccess.org/" target="_blank" rel="noopener noreferrer" data-extlink="">NVDA</a>:</span> Programa para sistema operacional Windows</span><br /><span style="color: #000000;"><span style="color: #0000ff;"><a class="ext" style="color: #0000ff;" title="(opens in a new window)" href="https://www.apple.com/br/accessibility/mac/vision/" target="_blank" rel="noopener noreferrer" data-extlink="">VoiceOver</a>:</span> Recurso do sistema operacional MacOS</span></p><h3><span style="color: #000000;">Leis e decretos sobre acessibilidade:</span></h3><ul><li><span style="color: #000000;"><a style="color: #000000;" href="http://www.planalto.gov.br/ccivil_03/_Ato2004-2006/2004/Decreto/D5296.htm" target="_blank" rel="noopener">Decreto nº 5.296 de 02 de dezembro de 2004</a></span></li><li><span style="color: #000000;"><a style="color: #000000;" href="http://www.planalto.gov.br/ccivil_03/_ato2007-2010/2009/decreto/d6949.htm" target="_blank" rel="noopener">Decreto nº 6.949, de 25 de agosto de 2009</a> &#8211; Promulga a Convenção Internacional sobre os Direitos das Pessoas com Deficiência e seu Protocolo Facultativo, assinados em Nova York, em 30 de março de 2007.</span></li><li><span style="color: #000000;"><a style="color: #000000;" href="http://www.planalto.gov.br/ccivil_03/_ato2011-2014/2012/decreto/d7724.htm" target="_blank" rel="noopener">Decreto nº 7.724, de 16 de Maio de 2012</a> &#8211; Regulamenta a Lei No 12.527, que dispõe sobre o acesso a informações.</span></li><li><span style="color: #000000;"><a style="color: #000000;">Modelo de Acessibilidade de Governo Eletrônico</a>)</span></li></ul></div></div></article></div></div>					</div>
						</div>
				</div>
						</div>
					</div>
		</div>
								</div>
					</div>
		</section>
									</div>
			</div>
					</div>

<p>Acessibilidade INSTRUÇÕES PARA O LEITOR DE TELA EM NOSSO PORTAL: Passe o mouse em cima do texto desejado que aparecerá um ícone representando o áudio     Acessibilidade O Portal da Câmara Municipal de Barreirinha procura seguir as diretrizes do eMAG (Modelo de Acessibilidade em Governo Eletrônico), conforme as normas do Governo Federal, em obediência ao&hellip; <a class="more-link" href="https://www.perseusdata2.com/camarabarreirinha/acessibilidade/">Continue reading <span class="screen-reader-text">Acessibilidade</span></a></p>
